 is the remainder when q is divided by (-6 + 4)*1/u?
0
Let y be (2 + -8)*(-2)/3. Suppose 0 + 60 = y*w. Calculate the remainder when 43 is divided by w.
13
Let f = 24 + -16. Calculate the remainder when 25 is divided by f.
1
Calculate the remainder when (-402)/(-14) - (-6)/21 is divided by 15.
14
Suppose -4*h - 24 = -2*v, 6*h - 4*h + 24 = 3*v. Suppose 0 = 5*i + v + 4. Let r = 15 + i. What is the remainder when 25 is divided by r?
12
Suppose 60*d - 64*d = -48. Calculate the remainder when 57 is divided by d.
9
Suppose -5 = p, -2*p - 34 = 5*d - 129. Calculate the remainder when 82 is divided by d.
19
Let v be (-6)/27 + 4/18. Suppose v = -3*c + j + 36, -3*c - c - 5*j + 29 = 0. Calculate the remainder when 43 is divided by c.
10
Calculate the remainder when (-46)/(4/(16/(-4))) is divided by 10.
6
Suppose 4*i + 25 = 9*i. Suppose 4*a = 5*k - 218, 0 = k - 0*k - i*a - 31. What is the remainder when k is divided by 12?
10
Suppose -2*y + 37 = s, 2*s = 2*y + 6*s - 52. Calculate the remainder when y is divided by 6.
4
Suppose 3*u + 3 - 9 = 0. What is the remainder when 43 is divided by (-2 - 9)*(-2)/u?
10
Suppose 3*f + 2*f - 145 = 0. What is the remainder when f is divided by 15?
14
Suppose 5*g - 186 = 299. What is the remainder when g is divided by 33?
31
Suppose 0 = 4*v + i - 6, -4 = -v + 5*i + 8. Suppose -v*q + 85 = 3*q. Calculate the remainder when q is divided by 4.
1
Let o(z) = -z**3 - 3*z**2 - 3*z + 4. Calculate the remainder when 513/18*8/6 is divided by o(-3).
12
Let c = -67 + 102. What is the remainder when c is divided by 19?
16
Suppose -64 = a + 11. What is the remainder when (a - -1)/(-1 - 1) is divided by 13?
11
Let p = -21 + 31. Let d(b) = -b**3 + 9*b**2 + 13*b - 11. Let c be d(p). Let s = c + -2. What is the remainder when 50 is divided by s?
16
Suppose -2*f + 3*m = -0*f + 3, 0 = 4*f + 4*m - 44. Suppose -2*b + f = -5*b. What is the remainder when (-3 + b)*(-88)/20 is divided by 6?
4
What is the remainder when 49 is divided by (-1)/(-2 - 25/(-13))?
10
Suppose 11*l - 75 = 8*l. Calculate the remainder when l is divided by 14.
11
Let c(n) = n**3 - 5*n**2 - 2*n + 1. Let b be c(6). Let o = b + -22. What is the remainder when 4 is divided by o?
1
Calculate the remainder when 44 is divided by 2/((6/(-28))/(12/(-14))).
4
Let p be 2/(2/(-4) + 1). Suppose 0*r - 44 = -4*r. Let v = r - p. Calculate the remainder when 13 is divided by v.
6
Calculate the remainder when 16/24*(25 - 1) is divided by 6.
4
Let y(w) = -w**3 + 7*w**2 + 3*w + 7. Let r be (72/21)/(2/(-14)). Let a = -3 - r. Calculate the remainder when y(6) is divided by a.
19
Let z(l) = l**3 + 3*l**2 - 3*l - 1. Calculate the remainder when z(-3) is divided by 3.
2
Let m(h) be the first derivative of -2*h**2 + 2/3*h**3 - 1 - h. What is the remainder when 14 is divided by m(3)?
4
Let d(y) = -y**3 + 20*y**2 + 32. Let p be d(20). Suppose -3*k + 66 = -0*k. Let b = p - k. What is the remainder when 18 is divided by b?
8
Let a = -27 + 45. What is the remainder when a is divided by 10?
8
Suppose -2*i - 11 = -i + 3*f, -4*i + 21 = -f. Calculate the remainder when i is divided by 3.
1
Let f(h) = -h**2 + 7*h + 1. Suppose -3*n + 3*a = -18, -6*n + 2*n + 2*a + 18 = 0. Calculate the remainder when 51 is divided by f(n).
12
Let o(s) = 11*s - 13. Calculate the remainder when o(2) is divided by (5/(-10))/((-2)/12).
0
Let d = -9 + 14. Suppose -48 = -2*k + 7*r - 3*r, d*k = r + 75. Let y = -49 - -74. Calculate the remainder when y is divided by k.
11
Let m = -4 - -42. Let d be 2/(-2 + 4) + 43. Suppose -d = -3*l + 5*s, 3 - 8 = 5*s. Calculate the remainder when m is divided by l.
12
Let y(f) = -11*f + 1. Let t(o) = -o**2 + 3*o - 2. Let g be t(3). Let n(u) = u + 7. Calculate the remainder when y(g) is divided by n(5).
11
Let d = -11 + 14. Suppose -d*k + 32 = k. Calculate the remainder when k is divided by 5.
3
What is the remainder when 30 is divided by -1 - -9 - 0*(-4 - -3)?
6
Let s = -12 + 29. What is the remainder when s is divided by 10?
7
Suppose -2*j + 2*l = -70, 6*j + 2*l - 116 = 2*j. Calculate the remainder when 86 is divided by j.
24
Let s be (-4)/(-1)*21/4. Let a be 53 + (-3 - -2 - -4). Let t = a - s. What is the remainder when t is divided by 12?
11
Let r = -15 - -4. Let w(p) = -p**2 - 10*p + 1. Let k be w(r). Let u = -6 - k. Calculate the remainder when 13 is divided by u.
1
Let r = -25 + 51. Calculate the remainder when r is divided by ((-45)/(-10))/(2/4).
8
Suppose -2*l + 37 + 13 = 0. What is the remainder when l is divided by 7?
4
Let a = 34 - 16. Calculate the remainder when (-24)/12 - (0 - a) is divided by 6.
4
Let d be 0/(-4 + 1 + 2). Let n(m) = 6*m**2 + 5 - 3 + d*m - m. What is the remainder when n(-2) is divided by 10?
8
Suppose 2*l - 185 = -3*l. Let d be ((-2)/5)/((-1)/(-5)). Let u = d - -15. What is the remainder when l is divided by u?
11
Suppose 28 = q - 4*y + y, 0 = q - 2*y - 26. What is the remainder when (-96)/(-9)*6 + 0 is divided by q?
20
Suppose 13*j - 497 = 6*j. Suppose 68 + 4 = 3*u. Calculate the remainder when j is divided by u.
23
What is the remainder when 74 is divided by 1/1*(3 - -16)?
17
Let h be (-7)/5 + (-4)/(-10). Let l be h - (0 - -1 - 2). Calculate the remainder when (l + 6)*28/8 is divided by 11.
10
Let i = 47 + -31. What is the remainder when i is divided by (81/36)/(3/8)?
4
Let x be (-2)/(-6) + (-304)/(-6). Let p = x - 22. What is the remainder when p is divided by 10?
9
Let a = 127 - 114. What is the remainder when 48 is divided by a?
9
Let b = 175 - 108. What is the remainder when 199 is divided by b?
65
Suppose 0 = -p - 0*p + 18. Suppose -2*x = -4*u - 28, -27 + 5 = -2*x + u. What is the remainder when p is divided by x?
8
Suppose -3 = -f - 5*l, 5*l + 105 = 4*f + f. What is the remainder when 33 is divided by f?
15
Suppose -o = m - 2*m + 1, 3*o = m - 9. Let i = 4 + o. Let t = 5 - i. What is the remainder when 8 is divided by t?
3
Calculate the remainder when ((-132)/12)/(1/(-8)) is divided by 30.
28
Let c = -29 + 53. What is the remainder when 93 is divided by c?
21
Suppose 2*d - 6 = -0*d. Suppose 5*j = -0*l + d*l - 4, 4*l - 3*j + 2 = 0. Calculate the remainder when 50 is divided by l/(-5) + (-249)/(-15).
16
Let a(v) = 2*v - 1. Let o = 10 + -1. What is the remainder when 31 is divided by a(o)?
14
Let c(k) = -k**2 + k + 35. Calculate the remainder when c(0) is divided by 21.
14
Suppose -5*o - 2*q = -q - 64, -3*q - 29 = -2*o. Let i = -8 + o. Suppose l - 4 = 10. Calculate the remainder when l is divided by i.
4
Let m(l) = 2*l + 7*l**2 + 3 + 4 - 5 - 7 - l**3. What is the remainder when m(5) is divided by 19?
17
Calculate the remainder when (-6)/(-15) - (-7896)/35 is divided by 46.
42
Let b(f) = -f + 3. Calculate the remainder when b(-9) is divided by 8.
4
Let p = -152 + 158. What is the remainder when 131 is divided by p?
5
Suppose 7*c - 93 = 82. What is the remainder when 123 is divided by c?
23
Suppose 5*v = 2*v + 24. Suppose 52 - 13 = -3*u. Let b = 1 - u. Calculate the remainder when b is divided by v.
6
Calculate the remainder when ((-2)/(4/6))/((-1)/23) is divided by 18.
15
Let j = -8 - -3. Let i = 10 - j. Calculate the remainder when i is divided by 9.
6
Suppose 0 = -z + 10 + 6. Suppose 0 = 4*r + 2 - 42. Let b = z - r. What is the remainder when 22 is divided by b?
4
Suppose 0 = -10*w + 14*w - 12. Calculate the remainder when w is divided by 1.
0
Let c = 0 - -3. Suppose 2*b - 25 = -c*b. Let d(r) = -3*r. What is the remainder when b is divided by d(-1)?
2
Let i be -1*1*(3 - 8). Suppose i*s - 3*s - 10 = 0. Calculate the remainder when s is divided by 2.
1
Let h be 2/(-3)*(-336)/7. Suppose -h - 28 = -5*u. Calculate the remainder when 35 is divided by u.
11
Suppose -k - 4*k + 25 = 0. Suppose 4*c = 5*c - 153. Suppose k*q + c = 4*w + 4*q, q = -2*w + 69. Calculate the remainder when w is divided by 19.
18
Suppose x - 24 = -8. Let h be 10/(-5) - (-120)/(-2). Let m = 109 + h. What is the remainder when m is divided by x?
15
Suppose -3*u = -j - 73, -3*u + 70 = 2*j - 0*j. What is the remainder when u is divided by 9?
6
Suppose -3*w = -w. Calculate the remainder when (w + 0)/(-2) - -20 is divided by 7.
6
Suppose d = -3*d + 168. Suppose 0 = y + y - d. Suppose -6*v + 4*v = -3*k - 27, -39 = -3*v + 3*k. What is the remainder when y is divided by v?
9
Let m(g) = 5*g**3 - 5*g**2 - 7. 